-19. Suppose 2*i + 0*i - 110 = 0. Calculate the greatest common factor of j and i.
11
Suppose 0*i + 288 = 2*i. What is the greatest common factor of i and 18?
18
Let d be 9 + -4 - 9/3. Suppose -3*x - d = -5*c - 3, -3*x - 4*c = -37. Calculate the greatest common factor of 28 and x.
7
Let z(y) = y - 3. Let i be z(4). Let m(a) be the third derivative of -a**4/24 + a**3/6 - a**2. Let l be m(-2). What is the highest common divisor of i and l?
1
Let u(a) = a**2 + 10*a + 14. Let j be u(-12). What is the highest common divisor of j and 95?
19
Suppose -j + 0*j + 4 = 5*l, 2*j - 8 = -5*l. Suppose 0 = -r - l*r + 21. Let g = -16 + 19. Calculate the highest common divisor of r and g.
3
Suppose 3*u - 72 = -0*u. Calculate the greatest common factor of 3 and u.
3
Let d be 1 - (4 + 4 + -13). What is the highest common divisor of d and 4?
2
Suppose 2*g + 8 = 6*g. Suppose h = -1 + 6. Calculate the greatest common factor of g and h.
1
Let o be 4/(-10) + 36/15. Suppose 4*a + o = 10. Let h be (-16)/(-6)*(5 - a). What is the highest common divisor of h and 1?
1
Suppose 3*m + 4*d = 45, -134 = -5*m + 3*d - 30. What is the greatest common factor of 57 and m?
19
Suppose 5*s + 2080 = -205. Let h = s - -797. Let v be (h/30)/((-4)/(-6)). What is the greatest common divisor of v and 136?
17
Suppose -3*u = 2*u - 10. Suppose -4*i + 1 - 16 = 3*d, -u*d = i. Let q be ((-57)/i)/(4/8). Calculate the highest common divisor of 209 and q.
19
Suppose -5*q + 129 = m, 36 - 115 = -3*q + m. Calculate the greatest common divisor of 13 and q.
13
Suppose -4*j + 10 + 14 = 0. Let z be ((-3)/j)/((-2)/56). Let o = -6 + z. What is the highest common divisor of 12 and o?
4
Let u be (-117)/(-5) + 4/(-10). Let s be (-23)/(((-5)/15)/(10/3)). What is the highest common divisor of u and s?
23
Let m(u) = -u**3 - 3*u**2 + 3*u. Let t be m(-4). Suppose 6*o - t*o - 40 = 0. Calculate the greatest common divisor of 8 and o.
4
Let w = -143 - -191. What is the greatest common divisor of w and 36?
12
Suppose 0 = s - 5*s + 1232. Calculate the greatest common divisor of s and 28.
28
Suppose 14*r - 9*r = 175. Calculate the highest common factor of 245 and r.
35
Let o be 4 - 1 - 0/2. Let s be ((-1)/o)/(3/(-45)). Suppose -4*l - 7 = 4*r - s*r, -10 = -5*r - 5*l. What is the greatest common factor of 3 and r?
3
Suppose 70 = 5*g + 5*t, 6*t = 5*g + 7*t - 78. Calculate the highest common divisor of g and 16.
16
Suppose 0*q - 30 = 3*q. Let f be (q/(-6))/((-3)/(-243)). Let a = -35 + 50. Calculate the greatest common factor of a and f.
15
Suppose p - 66 = -5*t, t - 3*p - 12 = -2*p. Calculate the highest common factor of 91 and t.
13
Suppose 0 = -5*m - 2*i + 5*i + 68, -5*m + 67 = -2*i. What is the highest common divisor of m and 104?
13
Let o = 11 + -8. Suppose -7 + 97 = o*z. Let l be 2/(-4) - z/(-12). Calculate the highest common divisor of l and 4.
2
Let o be (-33)/(-5) + 26/65. Calculate the highest common divisor of 63 and o.
7
Let d(v) = 112*v**2 - v + 1. Let s be d(1). Calculate the highest common factor of s and 16.
16
Let z = 0 - -7. Suppose -4*g - 60 = -4*b, 0 = b - 2*g + z*g + 3. What is the greatest common factor of b and 4?
4
Let s be (-16)/12*6/(-4). Suppose 5*t + 2*o = -0*t + 321, -2*t + 134 = -s*o. Let n = -46 + t. What is the highest common divisor of n and 171?
19
Let g(z) = 12*z**2 + 5*z - 2. Let c = 2 + 1. Let r be g(c). Calculate the greatest common divisor of 11 and r.
11
Let h be 112/24*51/2. Let i = h - 74. Calculate the greatest common factor of i and 5.
5
Let i(d) = d**3 + d**2 + 46. Let b be i(0). Suppose -2*f - 3*f - t + b = 0, 0 = f - 2*t - 7. What is the highest common divisor of 9 and f?
9
Let r = -15 - -26. Calculate the greatest common divisor of r and 110.
11
Let p be (-35 - -3)/(-1 - 0). Suppose p = o + 3*o - 4*k, -3*o + k = -34. What is the greatest common factor of 143 and o?
13
Let b be -5 - (-3852)/6 - -1. What is the highest common divisor of 58 and b?
58
Suppose b - 84 = -3*b. Calculate the highest common factor of b and 3.
3
Let i be -1*(-5 + 3 - -1). Let f(r) = 2*r - 9. Let x be f(6). Suppose 4*n = -2*t + 32, 5*t = -4*n + x*n + 8. Calculate the highest common factor of n and i.
1
Suppose 3*r = 4*s + 25, -s - 2*s = 12. Suppose 0 = -2*x + r*x - 15. Calculate the greatest common divisor of x and 135.
15
Let v(p) = -p**3 + 10*p**2 + 3*p - 18. Let l be v(10). What is the greatest common factor of l and 48?
12
Suppose -5*z = -5*d + 140, -4*d + 8*z - 3*z + 107 = 0. Suppose -47 = -5*o + d. Let l be 32*1*(4 + -3). Calculate the highest common factor of l and o.
16
Let y(p) = -p + 4. Let m be y(3). Suppose -4*g + 0*k = 2*k - 38, -9 = -3*k. Calculate the highest common divisor of m and g.
1
Let d = 0 + 4. Suppose -5*z + d = -6. Let s be 1 + 1 - (z - 75). Calculate the greatest common divisor of 15 and s.
15
Let x = 8 - 5. Suppose -x*n = -76 + 4. Let o be 0 + (-5)/((-5)/6). Calculate the highest common factor of o and n.
6
Let i be (-3)/(-2)*(1 - -1). Suppose -c + r + 4 = 0, 0*c - 28 = -5*c - i*r. What is the greatest common divisor of 15 and c?
5
Suppose -39 = -9*j + 51. What is the greatest common factor of j and 25?
5
Let s(u) = -u**3 - u + 3. Let c be (-5 - -1 - -2) + -2. Let x be s(c). Suppose -5*k = q - 22, 3*q - 27 = k + x. What is the greatest common factor of 4 and q?
4
Let t = 70 + -43. What is the highest common divisor of 18 and t?
9
Suppose k = 5*k - 60. Let i be (6/5)/(2/k). What is the greatest common factor of i and 3?
3
Let s(d) = -d + 14. Let z be s(6). What is the greatest common divisor of 8 and z?
8
Let v = 26 - 18. Calculate the highest common divisor of 2 and v.
2
Suppose 2*w = 3*w - 3. Suppose 0 = 4*i - h - h - 6, w*i - 10 = -4*h. Suppose 2*y - 16 = -i*y. What is the highest common divisor of y and 16?
4
Let v be (-6)/27 + 101/9. Let t = 8 + 14. Calculate the highest common divisor of v and t.
11
Let d(w) = w**2 - w + 2. Let s = 0 + 0. Let x = 0 - s. Let h be d(x). What is the highest common divisor of h and 16?
2
Let r be (95/(-25) + 2)*-5. What is the greatest common divisor of 9 and r?
9
Let k(y) = y**3 + 8*y**2 + 4*y + 4. Let w be k(-6). Suppose -3*v - v + w = 0. What is the greatest common divisor of v and 52?
13
Let g(i) = 5*i**2 - i - 2. Let x be g(2). Suppose -u + x = 3*z - 0*z, -z - u = -6. Suppose -2*t = z - 95. Calculate the greatest common factor of t and 5.
5
Let y = 2 + 14. Suppose -3*t + 24 = 2*c, -t = -4*c - 0*c - 8. Calculate the highest common factor of y and t.
8
Let y be 9/(-1*(-1 - -2)). Let h be 1*(y/(-3) + 2). Let t = 7 - h. Calculate the highest common factor of 2 and t.
2
Let r be (-5)/(-5) + (-2)/2. Let i be (r - 1)*(-2 + -9). What is the greatest common divisor of i and 77?
11
Let p(h) = 2*h**2 + 7*h + 6. Let s be p(-4). Calculate the greatest common factor of 50 and s.
10
Let m(k) = 47*k - 3. Let w be m(2). Calculate the highest common divisor of w and 13.
13
Suppose -2*r - r + 4*a = 4, -3*r + 4 = 4*a. Suppose -3*z - 2*n + 0*n + 53 = r, 3*z - 4*n = 83. Calculate the highest common divisor of 14 and z.
7
Suppose -3*u + 21 = -0*m - 3*m, 31 = u + 5*m. Let n(w) = -19*w - 7. Let b be n(-5). Calculate the highest common factor of u and b.
11
Let i be (385/14)/((-1)/2). Let l = i + 103. Calculate the greatest common factor of 16 and l.
16
Let t be 6*-2*19/(-3). What is the highest common factor of 114 and t?
38
Suppose -m + 18 = m. What is the greatest common factor of 6 and m?
3
Let r(u) = u**3 - 6*u**2 - u + 5. Let d be r(6). Let s be 6*d/(-4)*12. Calculate the greatest common factor of 72 and s.
18
Suppose 0 = -2*z - 11 + 17. Calculate the highest common factor of z and 39.
3
Let p = 0 - -90. Let z(n) = n**2 - 6*n + 3. Let l be z(6). Suppose 0 = -l*y + 1 + 29. What is the greatest common factor of p and y?
10
Let q be (1 + 2)*(17 - 10). Calculate the greatest common factor of q and 14.
7
Suppose j - 5*j + 144 = 0. Let n = -29 + 33. Calculate the greatest common divisor of n and j.
4
Let n = 1 + 4. Suppose 4*b + 1 + 47 = 0. Let a be (-6)/9*n*b. Calculate the greatest common factor of 10 and a.
10
Let t = 11 + -5. Let f be (14/t)/((-1)/(-3)). What is the highest common divisor of f and 28?
7
Let f be 1215/(-6)*(-8)/10. Suppose 0 = 2*g - 5*g + f. Calculate the greatest common divisor of g and 6.
6
Let d = 7 + -4. Let y be (1/(-3))/(d/(-99)). Suppose